 Determine j(r).
18
Let f be ((-148)/(-16) - 4)/(1 - 42/24). Let n(j) = -j**2 - 10*j - 40. Determine n(f).
-19
Let v = -25205 + 25208. Let c(t) be the second derivative of -1/6*t**v - 10*t + 5/2*t**2 + 0. Calculate c(4).
1
Let k(v) = -4*v**3 - 27*v**2 + 24*v + 37. Let t(o) = o**3 + 9*o**2 - 8*o - 10. Let n(h) = 2*k(h) + 7*t(h). Calculate n(8).
4
Let z(m) = 6*m**3 - m**2 - m - 5. Let c(q) = -39*q**3 - 24*q**2 + 10*q + 55. Let h(w) = c(w) + 6*z(w). Calculate h(-10).
-15
Let r = 253 + -247. Let v(f) = r + 13*f**2 - 1 - 6*f**2 - 8*f**2. Give v(0).
5
Let z(l) be the third derivative of -l**5/60 + 3*l**4 - 121*l**3 - 5665*l**2 - 2. Calculate z(60).
-6
Suppose 300 - 256 = 4*h. Let y(j) = 3*j + 38 - 19 - h. What is y(-8)?
-16
Let k(j) = j**2 + 9*j - 10. Let r be k(2). Suppose 0 = 3*c + r, -4*c = -4*z - c - 28. Let h(d) = d**3 + 9*d**2 - 12*d - 15. Calculate h(z).
5
Let q(r) = -3*r + 2004*r**2 + 2 - 4017*r**2 + 2012*r**2. Calculate q(-5).
-8
Let u(o) = 15*o**3 - o**2 - 2*o - 7. Let a(g) = 16*g**3 - g**2 - 2*g - 4. Let t(l) = -3*a(l) + 2*u(l). Calculate t(1).
-17
Let i(m) = -m**2 + 242*m - 2764. Let j be i(230). Let l(c) = -c. Let x(t) = -14. Let h(a) = -4*l(a) - x(a). Give h(j).
-2
Let c(m) = -m + 1. Let w(s) = -14*s - 4*s**2 - 3*s**2 + 4*s. Let q be w(-3). Let i = q + 27. What is c(i)?
7
Let s(n) = -n - 20. Suppose 0 = -10*r - 71 - 99. Calculate s(r).
-3
Let c(r) = r**3 + 2*r**2 - 22*r + 8. Let n = 40534 - 40530. Give c(n).
16
Let j be (-6)/(-24) + (-38)/(-8). Suppose 11 - 41 = -j*t. Let h(a) be the third derivative of -a**5/60 + 7*a**4/24 - 5*a**3/6 + 5*a**2. Determine h(t).
1
Let u(f) be the first derivative of -5 - 1/3*f**3 - 7/24*f**4 + 0*f + 1/30*f**5 + 5*f**2. Let r(w) be the second derivative of u(w). Give r(5).
13
Let l(d) = -14*d - 249. Let r be l(-18). Let c(u) = -u + 2*u**2 + u**2 - 2*u - 1 - 82*u**3 + 81*u**r. Calculate c(4).
-29
Let q(b) be the first derivative of -b**4/4 + b**3 + 4*b**2 - b - 1807. What is q(5)?
-11
Let c(q) be the first derivative of -2*q**2 - 27*q - 3383. Calculate c(-9).
9
Let s(v) = -23*v + 198. Let j be 6/1 + (-6)/(13 - 15). Give s(j).
-9
Let h = -144 - -517. Let f = -368 + h. Let g(t) = t**3 - 5*t**2 - t + 5. What is g(f)?
0
Let i = -16195 + 16183. Let x(j) = 44*j + 535. What is x(i)?
7
Let d(x) = -x**3 + 19*x**2 - x + 13. Let w = -60 + 154. Let c = 113 - w. What is d(c)?
-6
Let f be 0 - -4 - (-10)/(-5) - (-35 + 20). Let b(l) = -5*l + 81. Determine b(f).
-4
Let p = -27 + 23. Let n(z) = z**2 + z - 1. Let f(i) = -3*i**2 - 7*i + 6. Let j(h) = p*n(h) - f(h). Let c = 85 + -81. What is j(c)?
-6
Let w(c) = c**3 + 4*c**2 - 3*c + 6. Suppose -10*q = 314 + 1916. Let p = -228 - q. What is w(p)?
-4
Suppose -5*r - 55*v + 40*v + 120 = 0, r + 2*v = 16. Let z(h) be the first derivative of 3/2*h**2 + 27 - 1/3*h**3 + r*h. What is z(4)?
-4
Let l(t) be the first derivative of 13*t**2/2 - 2*t + 812. Determine l(1).
11
Let h(f) = 17*f**3 + 4*f**2 - 52*f + 9. Let y(q) = -15*q**3 - 5*q**2 + 51*q - 8. Let n(c) = 8*h(c) + 9*y(c). Determine n(7).
7
Let h = 37 - 42. Let s(a) = 2 - 55*a**2 - 1 + 10*a**2 + 19*a**2 + 28*a**2 + 6*a. Give s(h).
21
Let a(x) = -2*x + 13. Let o be 15/(-18) + 5390/60. Suppose o*u = 95*u - 54. Determine a(u).
-5
Suppose 0 = 10*f - 582 + 622. Let x(j) = 2*j**2 + 4*j - 4. Give x(f).
12
Let d(h) = -83*h - 77*h - 63*h + 0 + 214*h + 1. Determine d(-5).
46
Let r(y) = 6*y - 9. Let s(k) = 7*k - 9. Let m(b) = -4*r(b) + 3*s(b). Let d = 2337 - 2330. Calculate m(d).
-12
Let b(q) = -2*q**3 - 84*q**2 - 159*q + 36. Let o be b(-40). Let f(y) = 14*y + 26. What is f(o)?
-30
Let h be -1*(8/4 + -2). Let a(d) be the third derivative of d**4/24 + 7*d**3/3 + 12*d**2. What is a(h)?
14
Let f = 2370 - 2375. Let m(a) = -2*a**2 - 11*a + 1. What is m(f)?
6
Let u = 15 - 12. Let b be 10 - (-7 + (2 - -4)). Suppose b*g + u*g + 42 = 0. Let k(i) = i**3 + 4*i**2 + 3*i + 2. Give k(g).
2
Let p(n) = -3*n - 1. Let h = 469 + -466. Suppose v = h*u - 2, 4*u - 2*v - 1 = 5. What is p(u)?
2
Let h(z) = 12 + 4*z + z - 3*z - 17. Determine h(2).
-1
Let n(r) be the first derivative of -r**4/4 - 2*r**3/3 + 3*r**2/2 + 4*r - 168. Suppose -22*x + 21 = -29*x. Determine n(x).
4
Let u = 33 + -23. Let z(d) = -18*d + u*d + 16 + 5*d. Let a be z(5). Let k(v) = v**3 + 2*v - 1. What is k(a)?
2
Let f(i) be the first derivative of -i**5/30 + i**4/24 + 19*i**3 - 1. Let s(d) be the third derivative of f(d). What is s(3)?
-11
Suppose 2*x = -0*x - 20. Let r(o) be the second derivative of o**3/6 - 69492*o. Determine r(x).
-10
Suppose -5*f + 19 = u - 9*f, 4*u + 3*f - 38 = 0. Let q(y) = -66*y**3 + 4 - 4 + 67*y**3 - 3 - 16*y + 4*y + u*y**2. Give q(-12).
-3
Let p(b) = b**3 - 6*b**2 + 3*b - 14. Let h be p(6). Let d(o) = -o + 37 - h + 0*o - 15 - 10. Determine d(11).
-3
Let f(j) = 5*j. Let s(w) = w**3 - 3*w**2 + 2*w + 15. Let v be s(0). Suppose -10*c = -7*c - v. Suppose -c*p + 22 = -16*p. What is f(p)?
-10
Let d(s) = -s**2 - 6*s + 31. Let n be (-244)/(-20) - 6 - (-2)/(-10). Suppose -2*f + n*f + 7 = y, -5*y - 61 = 4*f. Give d(y).
4
Let a be 5/4 - (-4)/(-16). Let x = -530 - -756. Let v(j) = -j + x - 73 + 7*j**2 - 76 - 77. Determine v(a).
6
Let j(a) = -3*a + 2. Suppose 5*p = 0, -3*r - 25 = -8*r - 3*p. Let o be (-39)/52 + ((-100)/16)/r. Determine j(o).
8
Suppose -62 = -7*c - 272. Let l = 32 + c. Let b(j) = j**l - 2 + 6 + 2*j - j. Give b(3).
16
Let u be (21/6)/((-4)/(-8)). Let t(z) = -3*z**3 - 17*z**2 + 25*z - 20. Let v(g) = -g**3 - 8*g**2 + 9*g - 10. Let m(c) = -2*t(c) + 5*v(c). Give m(u).
4
Let i = -35 + 28. Let p = -113 - -109. Let b(y) = -3*y**2 + 9*y - 3. Let f(v) = v**2 - v - 1. Let l(k) = p*f(k) - b(k). What is l(i)?
-7
Let w be ((-46)/12)/1 + (-9)/54. Let c be 222/27 + w/18. Suppose 0 = -j + m + 3, -3*j - 4*m = -c*j + 20. Let r(i) = -i + 2. Determine r(j).
-6
Let j(w) = 32*w - 6*w - 27*w + 15*w**2 - 3*w**2. Let g be (-4)/(-18) + 22/(-18). What is j(g)?
13
Let j = -120 + -43. Let x = j - -160. Let h(y) = -y**2 + 2*y + 3. Give h(x).
-12
Suppose -25 = 5*q, 18*v - 15*v + 3*q - 429 = 0. Let a = 154 - v. Let z(y) = y**2 - 4*y + 4. What is z(a)?
16
Let z = 9304 - 9345. Let i(v) = -9*v - 370. Give i(z).
-1
Let b(g) be the third derivative of 1/15*g**5 + 1/12*g**4 + 0*g + 45*g**2 - 1/120*g**6 + 0 + 0*g**3. Let w = 34 + -30. What is b(w)?
8
Let s = -13880 + 13878. Let g(z) = 38*z**2 - z - 1. Determine g(s).
153
Let k(c) = -c**3 + 4*c**2 + 3*c + 3. Suppose -1551 = -22*d + 33*d. Let q = d + 146. Calculate k(q).
-7
Let r(u) = 55*u + 341. Let y(c) = 52*c + 330. Let t(w) = 3*r(w) - 2*y(w). What is t(-6)?
-3
Let h(b) be the third derivative of 0*b + 0 - 7/24*b**4 - 36*b**2 - 4/3*b**3 - 1/60*b**5. Let u be 66/(-12) + (-2)/4. Calculate h(u).
-2
Let v(d) = d**3 - 5*d**2 + 2*d + 3. Let c(w) = 2*w**3 + 34*w**2 + 2*w + 36. Let t be c(-17). Let x be 3 + t - (5 - (5 + -1)). Determine v(x).
-5
Suppose 0 = -3*d - 2*z - 1, -5*d + 2*z + 16 = -9. Suppose -d*o = -30 + 12. Let n(u) = 3 - 5*u - 6 + o*u - 4. Determine n(-6).
-13
Let t(a) be the third derivative of -a**4/6 + a**3 - 527*a**2. Give t(10).
-34
Suppose -2*m - h = -21, 10*m = 6*m - 3*h + 49. Let q(z) = -z**3 + 6*z**2 + 13*z - 24. Give q(m).
18
Let o(r) be the second derivative of -r**3/6 - 2*r**2 + 2*r. Suppose -516 = 25*h - 24*h - 2*q, 0 = 3*q - 12. Let d = h - -503. Give o(d).
1
Suppose -5*g = -5*d - 25, 3*g - 2*d - 4 - 12 = 0. Let v(x) = -g*x + x + 247 - 241. What is v(3)?
-9
Let u(p) = -p**3 - 2*p + 1. Let c(l) = -26*l**3 - 102*l**2 + 7*l - 2. Let n be c(-4). Give u(n).
-11
Let m(w) = w**3 + w**2 + w - 8. Let u be m(0). Let n = 33 + -21. Let h(d) = 28*d**2 + 7*d + 4 - 27*d**2 - n. What is h(u)?
0
Suppose 32 - 581 - 647 = 92*r. Let a(u) = -u**2 - 15*u - 25. Determine a(r).
1
Let t be 10 - (-28)/(-7 + 3) - 5. Let j(s) = 2*s**3 + 3*s**2. Calculate j(t).
-4
Let s = -272 - -288. Let z(q) = 8*q - s*q + 1 + q + 7*q - 4*q**2 + 2*q. What is z(-2)?
-19
Suppose 27*h - 26 = 14*h. Suppose -2*i - h*g + 16 = 0, -2*i + 5*g + 25 = 4*g. Let k(c) = -i*c + 20*c - 2*c - 3 - 6*c. Give k(0).
-3
Let b(h) = -h**2 + 37*h - 102. Let w be -21*(-12)/(-36)*(-1 + (-54)/14). Determine b(w).
0
Suppose -22*w = -3*u - 20*w + 41, 5*w - 59 = -2*u. Suppose -18*d = -u*d. Let o(c) = -c**3 - c**2 - c + 8. Calculate o(d).
8
Let a(x) = 161 + 117 - 17*x + 7*x**2 + x**3 - 82 + 33*x. Give a(-8).
4
Let